 = 0, 4*a - 3*g + 6*g + 33 = 0. Let r(w) = w**3 + 7*w**2 + 7*w + 1. What is r(a)?
-5
Let b(k) = 2*k**3 + 2*k**2 - 2. Let j = 8 - 9. Let u(i) = i**3 - i**2 + i. Let g(p) = j*u(p) + b(p). Determine g(-3).
1
Let f = -86 + 77. Let l(j) = j + 5. Determine l(f).
-4
Let a(q) = -1. Let f(b) = -b - 2. Let y(g) = -5*a(g) + f(g). Determine y(-5).
8
Suppose -i + 32 = 33. Let c(z) = 20*z**2 - 2*z - 1. Give c(i).
21
Let p be 90/(-20)*(-4)/6. Let k(n) = -2*n**2 - n**p - n - 2 + 1 - 3 - 4*n**2. Determine k(-6).
2
Let v(n) be the first derivative of -n**4/4 + 2*n**3 - 7*n**2/2 + 5*n + 1. Suppose -28 = -4*r + 2*r. Let d = -9 + r. Determine v(d).
-5
Let p(g) = -2*g + 4 + g**2 + 2*g. Let d(r) = -5*r - 25. Let k be d(-5). What is p(k)?
4
Let g(s) = s**2 + 4*s + 4. Suppose 0 = -3*i - 2*i + 15. Suppose -x - i = 1. Give g(x).
4
Let r be 22/8 - (-6)/(-8). Let t(g) = 4 + 6*g - 4*g**r + 0*g - g**3 - 5*g**2 + 4*g**2. Give t(-6).
4
Suppose 10*s + 33 = -7. Let u(z) = -z**3 - 4*z**2 - 2*z - 4. What is u(s)?
4
Suppose -2 = -2*t + 3*t. Let q = t + -1. Let x(g) = -g**3 - 3*g**2 + 2*g - 3. What is x(q)?
-9
Let k be (-1)/(3 - 2) + 3. Let u(a) = 4*a - 6 + k - a. Let j(m) = 2*m + 17. Let i be j(-7). What is u(i)?
5
Let g(d) = d**3 - 6*d**2 - 8*d + 7. Let n be g(7). Suppose -l + 4 = 2. Let j(v) = 3*v - 8 + v**3 - 4*v - l*v**3. Give j(n).
-8
Let r(p) be the second derivative of -p**5/20 + 5*p**4/12 - 5*p**3/6 + 3*p**2/2 - 11*p. Calculate r(3).
6
Let u(l) = l**3 + 2*l**2 + 8*l + 3. Let g(p) = -p. Let t(n) = 6*g(n) + u(n). Determine t(-2).
-1
Suppose 5*i - i + 14 = -3*h, 5*h + 8 = i. Let d(s) = 3*s**3 + s**2 + 3*s + 1. What is d(h)?
-25
Let w = 3 - 9. Let u(m) = -m**3 - 7*m**2 - 5*m + 4. What is u(w)?
-2
Let n(c) be the first derivative of -c**4/4 - 4*c**3/3 - 3*c**2/2 + 4*c - 3. Let f be n(-3). Suppose f*t = -7 - 1. Let a(b) = -2*b**2. Give a(t).
-8
Let y(t) be the first derivative of t**3/3 + 2*t**2 - 2*t - 8. What is y(-5)?
3
Let j(b) = 6*b + 7 - 3*b - 2*b. What is j(-6)?
1
Let g(k) = 2*k - 7. Let t be g(5). Let q(x) = -2*x**2 + 5*x - 4. Give q(t).
-7
Let r(v) = -v**2 + 6*v + 9. Let s be r(7). Let t = 41 - 23. Let z(h) = 4*h**2 - 13*h + 5. Let q(f) = f**2 - 3*f + 1. Let j(x) = t*q(x) - 4*z(x). Determine j(s).
2
Suppose -5 = -k - 0*k. Let z(j) be the second derivative of j**5/20 - j**4/3 - 2*j**3/3 + 3*j**2/2 - 3*j. Determine z(k).
8
Suppose -5*i = -10, 0 = -4*c - i - i + 44. Let n be (-3)/(-6)*-1*c. Let q(f) = f - 5. Let v(y) = -5*y + 20. Let x(a) = -9*q(a) - 2*v(a). Determine x(n).
0
Let f(y) be the first derivative of -y**2/2 - 5*y - 3. Determine f(-8).
3
Let u(g) = 2*g**2 + 2*g - 2. Let d be u(-2). Let m(n) = n**3 - 2*n**2 + n + 2. Determine m(d).
4
Suppose -7*b = -3*b - 16. Let c(q) be the second derivative of q**3/2 - 5*q**2/2 + 11*q. What is c(b)?
7
Let y(k) be the second derivative of k**5/20 - k**4/3 - 2*k**3/3 + 3*k. What is y(5)?
5
Let b(v) = -9*v**2 - 10*v - 1. Let g(p) = -4*p**2 - 5*p - 1. Let r(u) = 3*b(u) - 7*g(u). Determine r(-3).
-2
Let q(i) = -i + 1. Let s = 0 - -5. Suppose s*v - 26 + 1 = 0. What is q(v)?
-4
Let z(s) = -s**2 + 3*s + 3. Suppose 0 = -y - 4*y + 45. Let i = 14 - y. What is z(i)?
-7
Let w(f) = -f**2. Let d = -3 + 4. Let t(v) = -v**2 - v. Let g(p) = d*t(p) - 3*w(p). Calculate g(-1).
3
Let n = -1 + 4. Suppose 10*b - 8*b = 12. Let j(d) = -4*d + 1. Let k(m) = 23*m - 6. Let w(r) = b*k(r) + 34*j(r). Give w(n).
4
Let h(q) be the first derivative of -q**2/2 - 3*q + 7. Give h(0).
-3
Let q(h) = -h - 6. Let o be q(-8). Let x(m) = 5*m**o - 5*m + 10*m**2 - 2 - 14*m**2. What is x(4)?
-6
Let m(a) = 1 - 16*a**2 + 16*a**2 + 11*a**3. Give m(-1).
-10
Let h(s) = -s**3 + 4*s**2 - 5*s + 4. Suppose -4*v + 10 + 6 = 0. Give h(v).
-16
Suppose -o + 10 = 3*o + 3*b, 0 = 2*o - b. Let a = o + 0. Let j(y) = -2*y + 2 - y**2 - a + 4*y**2 + y**3. Determine j(-3).
7
Suppose -6*s = -2*s - 8. Let y(m) = m + 1 - 2 + 0*m**3 + m**3. What is y(s)?
9
Let m(j) = j**2 - 5*j - 6. Suppose -5*t + 9 = -16. Calculate m(t).
-6
Let v(w) = -1 + 4*w**2 + w**2 - 3*w**2. Suppose -3 = d + 3. Let t = -5 - d. Give v(t).
1
Let j(u) = u**3 + u**2 - 12. Suppose 3*g - 6 = g. Suppose 2*z = g*z. What is j(z)?
-12
Let q(u) = -u**3 + 5*u**2 - 2*u - 5. Suppose -28 = -4*j - 5*c - 5, c - 1 = j. Let k be -2 - (j - (-1 + 15)). Suppose -5*r - 20 = -k*r. Give q(r).
3
Let h be -3 - ((4 - 2) + -10). Suppose j = -5*m - 4 + 11, -7 = -5*j + 3*m. Let b(t) = 0 + 4 + t - j - h. Give b(4).
1
Let a = 73 + -37. Let h = a + -34. Let s(p) be the second derivative of -p**5/20 + p**4/4 - p**3/3 + p**2 - p. Give s(h).
2
Let t(c) = 2*c - 4. Let p be t(3). Suppose 0 = 5*a - 2*d + 2 - 0, 4*a - p*d = 0. Let w(b) be the first derivative of 3*b**2/2 - 2*b - 1. Calculate w(a).
-8
Let o be (4/(-5))/(12*5/450). Let l(t) = 0*t - t**3 + 4 - 7*t**2 - 5*t - t. Calculate l(o).
4
Let k(h) = -h + 1. Let u(g) = 2*g - 4. Suppose -4*o = o - 15. Let i be u(o). Suppose i*j = -w + 3, 4*w - 11 = -5*j + 5*w. What is k(j)?
-1
Suppose -6*c + 10*c - 8 = 0. Let g = c - 0. Let n(r) = 0*r - r**2 - 1 + 2*r - 1. Give n(g).
-2
Suppose 0*k - 3*x + 1 = 5*k, 3 = 3*k + x. Let b(v) = 2*v + k*v + 2 + 0*v. Calculate b(-2).
-6
Let v = -10 + 15. Suppose r + 18 = -v*h, -2*h + 3*r - 18 = h. Let s(g) = g**3 + 0*g**3 - g + 4*g**2 + 0*g**2. What is s(h)?
4
Let v(l) = -l**3 - 3*l**2 - 3*l - 2. Suppose 23 = 3*i + g - 2*g, 5*i + 2*g - 20 = 0. Suppose -9*k = -i*k + 9. Give v(k).
7
Let c be 94/(-18) + 2/9. Let z be (-1)/(-4) - c/(-4). Let a(m) = -m + 1. Let v(h) = 2*h - 2. Let t(g) = a(g) + v(g). Give t(z).
-2
Let b(i) = -7*i**2 + 11*i**2 + 5 - 5*i**2 + 8*i. Calculate b(8).
5
Let m = 2 - -3. Let w(f) = 2 - 8 - 3*f + 2*f + 3*f. Give w(m).
4
Let n(p) = -5 + 0 + 6. Let v(o) = 6*o**2 + o - 4. Let r(j) = -3*n(j) - v(j). Give r(1).
-6
Let w(f) = -2*f - 13. Let q be w(-10). Let j = q - 8. Let z(u) = -5*u - 1. Determine z(j).
4
Let j(f) = -f**3 + 4*f**2. Let i(n) = n**3 + 1. Let q be i(1). Give j(q).
8
Let x(j) = -4*j - 6. Let c be x(-4). Suppose -5*i + c = -10. Let r(q) be the third derivative of q**6/120 - q**5/12 + 5*q**4/24 - q**3 - q**2. Determine r(i).
-2
Let d(v) = -v - 3. Let t = 1 + 4. Suppose 0 = t*p + 3 + 17, -4*p - 34 = 3*w. Calculate d(w).
3
Let n(w) = -2*w + 3. Let r(q) = -4*q + 7. Let f(o) = 13*n(o) - 6*r(o). What is f(3)?
-9
Let d(a) = -a + 3*a + 3*a + 55 - 56. Calculate d(2).
9
Suppose -6 = 2*m + 2*k, -5*m - 14 = 2*k - 5. Let w(i) = 2*i**2 - 1. Let u be w(m). Let o(z) = 3*z**2. Determine o(u).
3
Let v(r) = -r. Let z(m) = -8*m**3 - 2*m**2 - 4*m + 1. Let s(h) = 4*v(h) - z(h). Suppose -9 = -4*c - 5. What is s(c)?
9
Let v(a) be the second derivative of 0 - 1/2*a**3 + 0*a**2 - 2*a - 1/6*a**4. Suppose 14 = -2*c + 4*p, 2*p - 13 = c - 3*p. Give v(c).
-9
Let h be -1 - (0 - 1) - 2. Let s(f) = -3*f - 3. Let c(u) = 10*u + 9. Let b(d) = 2*c(d) + 7*s(d). Let r(o) = -5*o - 16. Let q(p) = h*r(p) + 11*b(p). Give q(5).
-6
Suppose -4*l + 5 = l. Suppose 4*x - l = -5. Let r(i) = 7*i - 1. What is r(x)?
-8
Let b(v) be the second derivative of -3*v**2 + 0 + 1/3*v**3 + 2*v - 1/20*v**5 - 1/3*v**4. Calculate b(-5).
9
Suppose -v = 2*v - 12. Let h(q) = -4 - q**2 - 2*q + 2 - v*q. Let j be 72/27*9/(-4). What is h(j)?
-2
Let l be 2/(-7) - 32/(-14). Let s(g) = -6*g + 4*g**2 + 0 + 1 + l + g**3. Give s(-5).
8
Let i(u) = -4*u**2 - u + 1. Suppose -174*a - 1 = -175*a. What is i(a)?
-4
Suppose -u + 4*n + 20 = -n, 3*u + 4*n = -16. Let s(w) = w**3 + w**2 + w + 12. Determine s(u).
12
Suppose 0 = 4*l - 4, 4*s + 0*l - 42 = 2*l. Suppose -s*c = -6*c. Let d(v) = -v - 2. What is d(c)?
-2
Let g(t) be the second derivative of -t**5/20 - t**4/12 + t**3/6 - 3*t**2/2 + 2*t. Suppose 2 + 0 = -y. Let j = 2 + y. What is g(j)?
-3
Let i(k) = 0*k + 2*k - 92 - k**3 - k**2 + 92. Determine i(-2).
0
Suppose 0*t - 3*t - i + 44 = 0, 0 = 2*t + 3*i - 27. Let l(n) = -2 + n - 14*n**3 + t*n**3 + 7 + n**2. Determine l(0).
5
Let i(g) = -5*g**2 + 10*g. Let n(s) = -9*s**2 + 19*s - 1. Let y(w) = 5*i(w) - 3*n(w). What is y(5)?
18
Let t(q) be the second derivative of q**5/20 + q**4/2 + q**3/3 + 7*q**2/2 - 5*q. Let o be 4/6 - (-40)/(-6). Calculate t(o).
-5
Let z(d) be the first derivative of d**5/30 - d**4/8 + d**3/2 - d**2/2 + 2. Let w(a) be the second derivative of z(a). Give w(2).
5
Suppose 0 = 2*p + 2*q + 4, q + 17 = 3*p + p. Let s(t) = -4*t - 2*t - 2*